{"id":2283,"date":"2023-12-02T19:36:33","date_gmt":"2023-12-02T19:36:33","guid":{"rendered":"https:\/\/stoling.hr\/?post_type=product&#038;p=2283"},"modified":"2023-12-02T19:36:33","modified_gmt":"2023-12-02T19:36:33","slug":"adl-line-filomuro","status":"publish","type":"product","link":"https:\/\/stoling.hr\/index.php\/product\/adl-line-filomuro\/","title":{"rendered":"ADL \u2013 Line \u2013 Filomuro"},"content":{"rendered":"<p>Kolekcija: Adielle \u2013 ADL Design \u2013 Line \u2013 zaokretna, filomuro<br \/>\nBoja: transparentno s crnim aluminijskim lamelama i okvirom<br \/>\nDostupno u razli\u010ditim obradama stakla: transparentno, pjeskareno u vi\u0161e boja, reflektivno u vi\u0161e boja, vi\u0161eslojno s tkaninom, vi\u0161eslojno s mre\u017eom, teksturirano<br \/>\nAluminijski okviri dostupni u bojama: bijela, bakar, titanij, crna, tamnosme\u0111a, svijetla bronca, bronca, aluminij-bronca, mat mjed<br \/>\nDrveni hrastovi okviri dostupni u bojama: tamni hrast, canaletto orah, prirodni hrast<br \/>\nPolo\u017eaj lamela: Sfumata, Vertical i Horizontal<br \/>\nDimenzije: po mjeri<br \/>\nOtvaranje: klizna, klizna s tra\u010dnicom, klizna u zid, zaokretna, pivot<\/p>\n","protected":false},"excerpt":{"rendered":"<div class=\"woocommerce-product-details__short-description\">\n<p><strong>Filomuro vrata<\/strong> iz kolekcije Line nude mogu\u0107nost razli\u010ditih prilagodbi aluminijskih lamela za dobivanje razli\u010ditih tehni\u010dko-stilskih rje\u0161enja.<\/p>\n<\/div>\n","protected":false},"featured_media":2284,"template":"","meta":{"site-sidebar-layout":"no-sidebar","site-content-layout":"","ast-site-content-layout":"normal-width-container","site-content-style":"boxed","site-sidebar-style":"unboxed","ast-global-header-display":"","ast-banner-title-visibility":"","ast-main-header-display":"","ast-hfb-above-header-display":"","ast-hfb-below-header-display":"","ast-hfb-mobile-header-display":"","site-post-title":"","ast-breadcrumbs-content":"","ast-featured-img":"","footer-sml-layout":"","ast-disable-related-posts":"","theme-transparent-header-meta":"default","adv-header-id-meta":"","stick-header-meta":"","header-above-stick-meta":"","header-main-stick-meta":"","header-below-stick-meta":"","astra-migrate-meta-layouts":"set","ast-page-background-enabled":"default","ast-page-background-meta":{"desktop":{"background-color":"var(--ast-global-color-4)","background-image":"","background-repeat":"repeat","background-position":"center center","background-size":"auto","background-attachment":"scroll","background-type":"","background-media":"","overlay-type":"","overlay-color":"","overlay-opacity":"","overlay-gradient":""},"tablet":{"background-color":"","background-image":"","background-repeat":"repeat","background-position":"center center","background-size":"auto","background-attachment":"scroll","background-type":"","background-media":"","overlay-type":"","overlay-color":"","overlay-opacity":"","overlay-gradient":""},"mobile":{"background-color":"","background-image":"","background-repeat":"repeat","background-position":"center center","background-size":"auto","background-attachment":"scroll","background-type":"","background-media":"","overlay-type":"","overlay-color":"","overlay-opacity":"","overlay-gradient":""}},"ast-content-background-meta":{"desktop":{"background-color":"var(--ast-global-color-5)","background-image":"","background-repeat":"repeat","background-position":"center center","background-size":"auto","background-attachment":"scroll","background-type":"","background-media":"","overlay-type":"","overlay-color":"","overlay-opacity":"","overlay-gradient":""},"tablet":{"background-color":"var(--ast-global-color-5)","background-image":"","background-repeat":"repeat","background-position":"center center","background-size":"auto","background-attachment":"scroll","background-type":"","background-media":"","overlay-type":"","overlay-color":"","overlay-opacity":"","overlay-gradient":""},"mobile":{"background-color":"var(--ast-global-color-5)","background-image":"","background-repeat":"repeat","background-position":"center center","background-size":"auto","background-attachment":"scroll","background-type":"","background-media":"","overlay-type":"","overlay-color":"","overlay-opacity":"","overlay-gradient":""}}},"product_brand":[],"product_cat":[61],"product_tag":[59],"class_list":{"0":"post-2283","1":"product","2":"type-product","3":"status-publish","4":"has-post-thumbnail","6":"product_cat-filo-muro","7":"product_tag-adl-design","8":"desktop-align-left","9":"tablet-align-left","10":"mobile-align-left","12":"first","13":"instock","14":"shipping-taxable","15":"product-type-simple"},"jetpack_sharing_enabled":true,"_links":{"self":[{"href":"https:\/\/stoling.hr\/index.php\/wp-json\/wp\/v2\/product\/2283","targetHints":{"allow":["GET"]}}],"collection":[{"href":"https:\/\/stoling.hr\/index.php\/wp-json\/wp\/v2\/product"}],"about":[{"href":"https:\/\/stoling.hr\/index.php\/wp-json\/wp\/v2\/types\/product"}],"version-history":[{"count":1,"href":"https:\/\/stoling.hr\/index.php\/wp-json\/wp\/v2\/product\/2283\/revisions"}],"predecessor-version":[{"id":2286,"href":"https:\/\/stoling.hr\/index.php\/wp-json\/wp\/v2\/product\/2283\/revisions\/2286"}],"wp:featuredmedia":[{"embeddable":true,"href":"https:\/\/stoling.hr\/index.php\/wp-json\/wp\/v2\/media\/2284"}],"wp:attachment":[{"href":"https:\/\/stoling.hr\/index.php\/wp-json\/wp\/v2\/media?parent=2283"}],"wp:term":[{"taxonomy":"product_brand","embeddable":true,"href":"https:\/\/stoling.hr\/index.php\/wp-json\/wp\/v2\/product_brand?post=2283"},{"taxonomy":"product_cat","embeddable":true,"href":"https:\/\/stoling.hr\/index.php\/wp-json\/wp\/v2\/product_cat?post=2283"},{"taxonomy":"product_tag","embeddable":true,"href":"https:\/\/stoling.hr\/index.php\/wp-json\/wp\/v2\/product_tag?post=2283"}],"curies":[{"name":"wp","href":"https:\/\/api.w.org\/{rel}","templated":true}]}}